{"id":21,"date":"2022-08-30T17:10:35","date_gmt":"2022-08-30T17:10:35","guid":{"rendered":"https:\/\/saludybioeficiencia.com\/?page_id=21"},"modified":"2022-09-12T14:28:09","modified_gmt":"2022-09-12T14:28:09","slug":"sobre-mi","status":"publish","type":"page","link":"https:\/\/saludybioeficiencia.com\/?page_id=21","title":{"rendered":"Sobre m\u00ed"},"content":{"rendered":"\n<p class=\"wp-block-paragraph\">Me llamo <strong>Toni Cort\u00e9s<\/strong>, licenciado en actividad f\u00edsica y el deporte por el Inefc de Barcelona en 2001. He sido atleta, en la disciplina de lanzamiento de jabalina, m\u00e1s de 20 a\u00f1os.&nbsp; Y entrenador siempre que puedo.<\/p>\n\n\n\n<p class=\"wp-block-paragraph\">Profesionalmente, una vez que acab\u00e9 la carrera me enfoqu\u00e9 en la actividad f\u00edsica para la salud y en 2007 fund\u00e9 mi <strong>Escuela de Espalda<\/strong> en Salamanca donde doy clases de correcci\u00f3n postural.<\/p>\n\n\n\n<p class=\"wp-block-paragraph\">Creo que es la mejor herramienta para poder enfocar nuestra actividad f\u00edsica para que sea realmente saludable porque los beneficios que obtenemos los podemos aplicar y sentir las 24 horas del d\u00eda.<\/p>\n\n\n\n<p class=\"wp-block-paragraph\">Actualmente intento trasmitir el concepto de <strong>bioeficiencia aplicado a la salud <\/strong>porque creo que es el cambio que necesitamos para que todas las personas que quieran cuidarse puedan conseguirlo.\u00a0 As\u00ed que estoy dispuesto a debatir y a promover este <strong>concepto de salud basado en aumentar nuestra energ\u00eda<\/strong>.<\/p>\n\n\n<div class=\"wp-block-image\">\n<figure class=\"aligncenter size-large is-resized\"><img loading=\"lazy\" decoding=\"async\" src=\"https:\/\/saludybioeficiencia.com\/wp-content\/uploads\/2022\/09\/ToniCortes-768x1024.jpg\" alt=\"\" class=\"wp-image-184\" width=\"576\" height=\"768\" srcset=\"https:\/\/saludybioeficiencia.com\/wp-content\/uploads\/2022\/09\/ToniCortes-768x1024.jpg 768w, https:\/\/saludybioeficiencia.com\/wp-content\/uploads\/2022\/09\/ToniCortes-225x300.jpg 225w, https:\/\/saludybioeficiencia.com\/wp-content\/uploads\/2022\/09\/ToniCortes-1152x1536.jpg 1152w, https:\/\/saludybioeficiencia.com\/wp-content\/uploads\/2022\/09\/ToniCortes-1536x2048.jpg 1536w, https:\/\/saludybioeficiencia.com\/wp-content\/uploads\/2022\/09\/ToniCortes-scaled.jpg 1920w\" sizes=\"auto, (max-width: 576px) 100vw, 576px\" \/><\/figure>\n<\/div>\n\n\n<p class=\"has-white-color has-cyan-bluish-gray-background-color has-text-color has-background has-medium-font-size wp-block-paragraph\"><strong>Una salud sin im\u00e1genes<\/strong><\/p>\n\n\n\n<p class=\"wp-block-paragraph\">En principio no quer\u00eda poner mi foto para no relacionar la salud con un perfil determinado. Creo que tenemos una idea de salud demasiado visual.&nbsp;Pero tambi\u00e9n creo necesario que sep\u00e1is quien es Toni Cort\u00e9s&#8230;<\/p>\n\n\n\n<p class=\"wp-block-paragraph\">La sensaci\u00f3n de bienestar que todos imaginamos est\u00e1 distorsionada por todas las im\u00e1genes que nos venden como salud\u2026&nbsp;<\/p>\n\n\n\n<p class=\"wp-block-paragraph\">Parece que si no nos queda el ba\u00f1ador perfecto, si no vamos a la playa, si nuestro plato no es tan vistoso o si nuestro cuerpo no es delgado o si no sonre\u00edmos continuamente no se puede tener salud.<\/p>\n\n\n\n<p class=\"wp-block-paragraph\">Por eso defiendo <strong>una salud sin im\u00e1genes <\/strong>que nos quieran expresar nuestra sensaci\u00f3n de bienestar, este blog y la bioeficiencia esta orientado a que encuentres tu propia sensaci\u00f3n de bienestar basada m\u00e1s en lo que sientes que en lo que ves.&nbsp;<\/p>\n","protected":false},"excerpt":{"rendered":"<p>Me llamo Toni Cort\u00e9s, licenciado en actividad f\u00edsica y el deporte por el Inefc de Barcelona en 2001. He sido atleta, en la disciplina de lanzamiento de jabalina, m\u00e1s de 20 a\u00f1os.&nbsp; Y entrenador siempre que puedo. Profesionalmente, una vez que acab\u00e9 la carrera me &hellip; <\/p>\n","protected":false},"author":2,"featured_media":0,"parent":0,"menu_order":0,"comment_status":"closed","ping_status":"closed","template":"","meta":{"footnotes":""},"class_list":["post-21","page","type-page","status-publish","hentry"],"yoast_head":"<!-- This site is optimized with the Yoast SEO plugin v19.6.1 - https:\/\/yoast.com\/wordpress\/plugins\/seo\/ -->\n<title>Sobre m\u00ed - Bioeficiencia<\/title>\n<meta name=\"robots\" content=\"index, follow, max-snippet:-1, max-image-preview:large, max-video-preview:-1\" \/>\n<link rel=\"canonical\" href=\"https:\/\/saludybioeficiencia.com\/?page_id=21\" \/>\n<meta property=\"og:locale\" content=\"es_ES\" \/>\n<meta property=\"og:type\" content=\"article\" \/>\n<meta property=\"og:title\" content=\"Sobre m\u00ed - Bioeficiencia\" \/>\n<meta property=\"og:description\" content=\"Me llamo Toni Cort\u00e9s, licenciado en actividad f\u00edsica y el deporte por el Inefc de Barcelona en 2001. He sido atleta, en la disciplina de lanzamiento de jabalina, m\u00e1s de 20 a\u00f1os.&nbsp; Y entrenador siempre que puedo. Profesionalmente, una vez que acab\u00e9 la carrera me &hellip;\" \/>\n<meta property=\"og:url\" content=\"https:\/\/saludybioeficiencia.com\/?page_id=21\" \/>\n<meta property=\"og:site_name\" content=\"Bioeficiencia\" \/>\n<meta property=\"article:modified_time\" content=\"2022-09-12T14:28:09+00:00\" \/>\n<meta property=\"og:image\" content=\"https:\/\/saludybioeficiencia.com\/wp-content\/uploads\/2022\/09\/ToniCortes-768x1024.jpg\" \/>\n<meta name=\"twitter:card\" content=\"summary_large_image\" \/>\n<meta name=\"twitter:label1\" content=\"Tiempo de lectura\" \/>\n\t<meta name=\"twitter:data1\" content=\"2 minutos\" \/>\n<script type=\"application\/ld+json\" class=\"yoast-schema-graph\">{\"@context\":\"https:\/\/schema.org\",\"@graph\":[{\"@type\":\"WebPage\",\"@id\":\"https:\/\/saludybioeficiencia.com\/?page_id=21\",\"url\":\"https:\/\/saludybioeficiencia.com\/?page_id=21\",\"name\":\"Sobre m\u00ed - Bioeficiencia\",\"isPartOf\":{\"@id\":\"https:\/\/saludybioeficiencia.com\/#website\"},\"datePublished\":\"2022-08-30T17:10:35+00:00\",\"dateModified\":\"2022-09-12T14:28:09+00:00\",\"breadcrumb\":{\"@id\":\"https:\/\/saludybioeficiencia.com\/?page_id=21#breadcrumb\"},\"inLanguage\":\"es\",\"potentialAction\":[{\"@type\":\"ReadAction\",\"target\":[\"https:\/\/saludybioeficiencia.com\/?page_id=21\"]}]},{\"@type\":\"BreadcrumbList\",\"@id\":\"https:\/\/saludybioeficiencia.com\/?page_id=21#breadcrumb\",\"itemListElement\":[{\"@type\":\"ListItem\",\"position\":1,\"name\":\"Portada\",\"item\":\"https:\/\/saludybioeficiencia.com\/\"},{\"@type\":\"ListItem\",\"position\":2,\"name\":\"Sobre m\u00ed\"}]},{\"@type\":\"WebSite\",\"@id\":\"https:\/\/saludybioeficiencia.com\/#website\",\"url\":\"https:\/\/saludybioeficiencia.com\/\",\"name\":\"Bioeficiencia\",\"description\":\"Una salud basada en tu energ\u00eda\",\"publisher\":{\"@id\":\"https:\/\/saludybioeficiencia.com\/#organization\"},\"potentialAction\":[{\"@type\":\"SearchAction\",\"target\":{\"@type\":\"EntryPoint\",\"urlTemplate\":\"https:\/\/saludybioeficiencia.com\/?s={search_term_string}\"},\"query-input\":\"required name=search_term_string\"}],\"inLanguage\":\"es\"},{\"@type\":\"Organization\",\"@id\":\"https:\/\/saludybioeficiencia.com\/#organization\",\"name\":\"Bioeficiencia\",\"url\":\"https:\/\/saludybioeficiencia.com\/\",\"sameAs\":[],\"logo\":{\"@type\":\"ImageObject\",\"inLanguage\":\"es\",\"@id\":\"https:\/\/saludybioeficiencia.com\/#\/schema\/logo\/image\/\",\"url\":\"https:\/\/saludybioeficiencia.com\/wp-content\/uploads\/2022\/09\/favicon.jpg\",\"contentUrl\":\"https:\/\/saludybioeficiencia.com\/wp-content\/uploads\/2022\/09\/favicon.jpg\",\"width\":149,\"height\":150,\"caption\":\"Bioeficiencia\"},\"image\":{\"@id\":\"https:\/\/saludybioeficiencia.com\/#\/schema\/logo\/image\/\"}}]}<\/script>\n<!-- \/ Yoast SEO plugin. -->","yoast_head_json":{"title":"Sobre m\u00ed - Bioeficiencia","robots":{"index":"index","follow":"follow","max-snippet":"max-snippet:-1","max-image-preview":"max-image-preview:large","max-video-preview":"max-video-preview:-1"},"canonical":"https:\/\/saludybioeficiencia.com\/?page_id=21","og_locale":"es_ES","og_type":"article","og_title":"Sobre m\u00ed - Bioeficiencia","og_description":"Me llamo Toni Cort\u00e9s, licenciado en actividad f\u00edsica y el deporte por el Inefc de Barcelona en 2001. He sido atleta, en la disciplina de lanzamiento de jabalina, m\u00e1s de 20 a\u00f1os.&nbsp; Y entrenador siempre que puedo. Profesionalmente, una vez que acab\u00e9 la carrera me &hellip;","og_url":"https:\/\/saludybioeficiencia.com\/?page_id=21","og_site_name":"Bioeficiencia","article_modified_time":"2022-09-12T14:28:09+00:00","og_image":[{"url":"https:\/\/saludybioeficiencia.com\/wp-content\/uploads\/2022\/09\/ToniCortes-768x1024.jpg"}],"twitter_card":"summary_large_image","twitter_misc":{"Tiempo de lectura":"2 minutos"},"schema":{"@context":"https:\/\/schema.org","@graph":[{"@type":"WebPage","@id":"https:\/\/saludybioeficiencia.com\/?page_id=21","url":"https:\/\/saludybioeficiencia.com\/?page_id=21","name":"Sobre m\u00ed - Bioeficiencia","isPartOf":{"@id":"https:\/\/saludybioeficiencia.com\/#website"},"datePublished":"2022-08-30T17:10:35+00:00","dateModified":"2022-09-12T14:28:09+00:00","breadcrumb":{"@id":"https:\/\/saludybioeficiencia.com\/?page_id=21#breadcrumb"},"inLanguage":"es","potentialAction":[{"@type":"ReadAction","target":["https:\/\/saludybioeficiencia.com\/?page_id=21"]}]},{"@type":"BreadcrumbList","@id":"https:\/\/saludybioeficiencia.com\/?page_id=21#breadcrumb","itemListElement":[{"@type":"ListItem","position":1,"name":"Portada","item":"https:\/\/saludybioeficiencia.com\/"},{"@type":"ListItem","position":2,"name":"Sobre m\u00ed"}]},{"@type":"WebSite","@id":"https:\/\/saludybioeficiencia.com\/#website","url":"https:\/\/saludybioeficiencia.com\/","name":"Bioeficiencia","description":"Una salud basada en tu energ\u00eda","publisher":{"@id":"https:\/\/saludybioeficiencia.com\/#organization"},"potentialAction":[{"@type":"SearchAction","target":{"@type":"EntryPoint","urlTemplate":"https:\/\/saludybioeficiencia.com\/?s={search_term_string}"},"query-input":"required name=search_term_string"}],"inLanguage":"es"},{"@type":"Organization","@id":"https:\/\/saludybioeficiencia.com\/#organization","name":"Bioeficiencia","url":"https:\/\/saludybioeficiencia.com\/","sameAs":[],"logo":{"@type":"ImageObject","inLanguage":"es","@id":"https:\/\/saludybioeficiencia.com\/#\/schema\/logo\/image\/","url":"https:\/\/saludybioeficiencia.com\/wp-content\/uploads\/2022\/09\/favicon.jpg","contentUrl":"https:\/\/saludybioeficiencia.com\/wp-content\/uploads\/2022\/09\/favicon.jpg","width":149,"height":150,"caption":"Bioeficiencia"},"image":{"@id":"https:\/\/saludybioeficiencia.com\/#\/schema\/logo\/image\/"}}]}},"_links":{"self":[{"href":"https:\/\/saludybioeficiencia.com\/index.php?rest_route=\/wp\/v2\/pages\/21","targetHints":{"allow":["GET"]}}],"collection":[{"href":"https:\/\/saludybioeficiencia.com\/index.php?rest_route=\/wp\/v2\/pages"}],"about":[{"href":"https:\/\/saludybioeficiencia.com\/index.php?rest_route=\/wp\/v2\/types\/page"}],"author":[{"embeddable":true,"href":"https:\/\/saludybioeficiencia.com\/index.php?rest_route=\/wp\/v2\/users\/2"}],"replies":[{"embeddable":true,"href":"https:\/\/saludybioeficiencia.com\/index.php?rest_route=%2Fwp%2Fv2%2Fcomments&post=21"}],"version-history":[{"count":5,"href":"https:\/\/saludybioeficiencia.com\/index.php?rest_route=\/wp\/v2\/pages\/21\/revisions"}],"predecessor-version":[{"id":187,"href":"https:\/\/saludybioeficiencia.com\/index.php?rest_route=\/wp\/v2\/pages\/21\/revisions\/187"}],"wp:attachment":[{"href":"https:\/\/saludybioeficiencia.com\/index.php?rest_route=%2Fwp%2Fv2%2Fmedia&parent=21"}],"curies":[{"name":"wp","href":"https:\/\/api.w.org\/{rel}","templated":true}]}}

Sobre mí

<p class="wp-block-paragraph">Me llamo <strong>Toni Cortés</strong>, licenciado en actividad física y el deporte por el Inefc de Barcelona en 2001. He sido atleta, en la disciplina de lanzamiento de jabalina, más de 20 años.&nbsp; Y entrenador siempre que puedo.</p>



<p class="wp-block-paragraph">Profesionalmente, una vez que acabé la carrera me enfoqué en la actividad física para la salud y en 2007 fundé mi <strong>Escuela de Espalda</strong> en Salamanca donde doy clases de corrección postural.</p>



<p class="wp-block-paragraph">Creo que es la mejor herramienta para poder enfocar nuestra actividad física para que sea realmente saludable porque los beneficios que obtenemos los podemos aplicar y sentir las 24 horas del día.</p>



<p class="wp-block-paragraph">Actualmente intento trasmitir el concepto de <strong>bioeficiencia aplicado a la salud </strong>porque creo que es el cambio que necesitamos para que todas las personas que quieran cuidarse puedan conseguirlo.  Así que estoy dispuesto a debatir y a promover este <strong>concepto de salud basado en aumentar nuestra energía</strong>.</p>


<div class="wp-block-image">
<figure class="aligncenter size-large is-resized"><img loading="lazy" decoding="async" src="https://saludybioeficiencia.com/wp-content/uploads/2022/09/ToniCortes-768x1024.jpg" alt="" class="wp-image-184" width="576" height="768" srcset="https://saludybioeficiencia.com/wp-content/uploads/2022/09/ToniCortes-768x1024.jpg 768w, https://saludybioeficiencia.com/wp-content/uploads/2022/09/ToniCortes-225x300.jpg 225w, https://saludybioeficiencia.com/wp-content/uploads/2022/09/ToniCortes-1152x1536.jpg 1152w, https://saludybioeficiencia.com/wp-content/uploads/2022/09/ToniCortes-1536x2048.jpg 1536w, https://saludybioeficiencia.com/wp-content/uploads/2022/09/ToniCortes-scaled.jpg 1920w" sizes="auto, (max-width: 576px) 100vw, 576px" /></figure>
</div>


<p class="has-white-color has-cyan-bluish-gray-background-color has-text-color has-background has-medium-font-size wp-block-paragraph"><strong>Una salud sin imágenes</strong></p>



<p class="wp-block-paragraph">En principio no quería poner mi foto para no relacionar la salud con un perfil determinado. Creo que tenemos una idea de salud demasiado visual.&nbsp;Pero también creo necesario que sepáis quien es Toni Cortés&#8230;</p>



<p class="wp-block-paragraph">La sensación de bienestar que todos imaginamos está distorsionada por todas las imágenes que nos venden como salud…&nbsp;</p>



<p class="wp-block-paragraph">Parece que si no nos queda el bañador perfecto, si no vamos a la playa, si nuestro plato no es tan vistoso o si nuestro cuerpo no es delgado o si no sonreímos continuamente no se puede tener salud.</p>



<p class="wp-block-paragraph">Por eso defiendo <strong>una salud sin imágenes </strong>que nos quieran expresar nuestra sensación de bienestar, este blog y la bioeficiencia esta orientado a que encuentres tu propia sensación de bienestar basada más en lo que sientes que en lo que ves.&nbsp;</p>

<p>Me llamo Toni Cortés, licenciado en actividad física y el deporte por el Inefc de Barcelona en 2001. He sido atleta, en la disciplina de lanzamiento de jabalina, más de 20 años.&nbsp; Y entrenador siempre que puedo. Profesionalmente, una vez que acabé la carrera me &hellip; </p>

<!-- This site is optimized with the Yoast SEO plugin v19.6.1 - https://yoast.com/wordpress/plugins/seo/ -->
<title>Sobre mí - Bioeficiencia</title>
<meta name="robots" content="index, follow, max-snippet:-1, max-image-preview:large, max-video-preview:-1" />
<link rel="canonical" href="https://saludybioeficiencia.com/?page_id=21" />
<meta property="og:locale" content="es_ES" />
<meta property="og:type" content="article" />
<meta property="og:title" content="Sobre mí - Bioeficiencia" />
<meta property="og:description" content="Me llamo Toni Cortés, licenciado en actividad física y el deporte por el Inefc de Barcelona en 2001. He sido atleta, en la disciplina de lanzamiento de jabalina, más de 20 años.&nbsp; Y entrenador siempre que puedo. Profesionalmente, una vez que acabé la carrera me &hellip;" />
<meta property="og:url" content="https://saludybioeficiencia.com/?page_id=21" />
<meta property="og:site_name" content="Bioeficiencia" />
<meta property="article:modified_time" content="2022-09-12T14:28:09+00:00" />
<meta property="og:image" content="https://saludybioeficiencia.com/wp-content/uploads/2022/09/ToniCortes-768x1024.jpg" />
<meta name="twitter:card" content="summary_large_image" />
<meta name="twitter:label1" content="Tiempo de lectura" />
	<meta name="twitter:data1" content="2 minutos" />
<script type="application/ld+json" class="yoast-schema-graph">{"@context":"https://schema.org","@graph":[{"@type":"WebPage","@id":"https://saludybioeficiencia.com/?page_id=21","url":"https://saludybioeficiencia.com/?page_id=21","name":"Sobre mí - Bioeficiencia","isPartOf":{"@id":"https://saludybioeficiencia.com/#website"},"datePublished":"2022-08-30T17:10:35+00:00","dateModified":"2022-09-12T14:28:09+00:00","breadcrumb":{"@id":"https://saludybioeficiencia.com/?page_id=21#breadcrumb"},"inLanguage":"es","potentialAction":[{"@type":"ReadAction","target":["https://saludybioeficiencia.com/?page_id=21"]}]},{"@type":"BreadcrumbList","@id":"https://saludybioeficiencia.com/?page_id=21#breadcrumb","itemListElement":[{"@type":"ListItem","position":1,"name":"Portada","item":"https://saludybioeficiencia.com/"},{"@type":"ListItem","position":2,"name":"Sobre mí"}]},{"@type":"WebSite","@id":"https://saludybioeficiencia.com/#website","url":"https://saludybioeficiencia.com/","name":"Bioeficiencia","description":"Una salud basada en tu energía","publisher":{"@id":"https://saludybioeficiencia.com/#organization"},"potentialAction":[{"@type":"SearchAction","target":{"@type":"EntryPoint","urlTemplate":"https://saludybioeficiencia.com/?s={search_term_string}"},"query-input":"required name=search_term_string"}],"inLanguage":"es"},{"@type":"Organization","@id":"https://saludybioeficiencia.com/#organization","name":"Bioeficiencia","url":"https://saludybioeficiencia.com/","sameAs":[],"logo":{"@type":"ImageObject","inLanguage":"es","@id":"https://saludybioeficiencia.com/#/schema/logo/image/","url":"https://saludybioeficiencia.com/wp-content/uploads/2022/09/favicon.jpg","contentUrl":"https://saludybioeficiencia.com/wp-content/uploads/2022/09/favicon.jpg","width":149,"height":150,"caption":"Bioeficiencia"},"image":{"@id":"https://saludybioeficiencia.com/#/schema/logo/image/"}}]}</script>
<!-- / Yoast SEO plugin. -->

Sobre mí - Bioeficiencia

Me llamo Toni Cortés, licenciado en actividad física y el deporte por el Inefc de Barcelona en 2001. He sido atleta, en la disciplina de lanzamiento de jabalina, más de 20 años.&nbsp; Y entrenador siempre que puedo. Profesionalmente, una vez que acabé la carrera me &hellip;

Una salud basada en tu energía
